{"id":878,"date":"2025-03-19T15:56:11","date_gmt":"2025-03-19T15:56:11","guid":{"rendered":"https:\/\/cours-ipa.org\/?page_id=878"},"modified":"2025-09-09T07:28:24","modified_gmt":"2025-09-09T07:28:24","slug":"votre-venue-a-cap-dail","status":"publish","type":"page","link":"https:\/\/oncologie-bio.org\/?page_id=878","title":{"rendered":"Votre venue \u00e0 Cap d\u2019Ail"},"content":{"rendered":"\t\t<div data-elementor-type=\"wp-page\" data-elementor-id=\"878\" class=\"elementor elementor-878\" data-elementor-post-type=\"page\">\n\t\t\t\t<div class=\"elementor-element elementor-element-e261076 e-flex e-con-boxed e-con e-parent\" data-id=\"e261076\" data-element_type=\"container\" data-settings=\"{&quot;ekit_has_onepagescroll_dot&quot;:&quot;yes&quot;}\">\n\t\t\t\t\t<div class=\"e-con-inner\">\n\t\t\t\t<div class=\"elementor-element elementor-element-a56e7b4 elementor-widget elementor-widget-elementskit-simple-tab\" data-id=\"a56e7b4\" data-element_type=\"widget\" data-settings=\"{&quot;ekit_we_effect_on&quot;:&quot;none&quot;}\" data-widget_type=\"elementskit-simple-tab.default\">\n\t\t\t\t<div class=\"elementor-widget-container\">\n\t\t\t<div class=\"ekit-wid-con\" >        <div class=\"elementkit-tab-wraper vertical  elementskit-fitcontent-tab \">\n            <ul class=\"nav nav-tabs elementkit-tab-nav \">\n                                    <li class=\"elementkit-nav-item elementor-repeater-item-0cd0052\">\n                        <a class=\"elementkit-nav-link  active show left-pos\" id=\"content-0cd005269febb67944c2-tab\" data-ekit-handler-id=\"par-avion-\" data-ekit-toggle=\"tab\" data-target=\"#content-0cd005269febb67944c2\" href=\"#Content-0cd005269febb67944c2\"\n                            data-ekit-toggle-trigger=\"click\"\n                            aria-describedby=\"Content-0cd005269febb67944c2\">\n                            <span class=\" elementskit-tab-icon\"><\/span>                            <span class=\"elementskit-tab-title\"> Par avion <\/span>\n                        <\/a>\n                    <\/li>\n                                        <li class=\"elementkit-nav-item elementor-repeater-item-7eaf175\">\n                        <a class=\"elementkit-nav-link  left-pos\" id=\"content-7eaf17569febb67944c2-tab\" data-ekit-handler-id=\"par-train-\" data-ekit-toggle=\"tab\" data-target=\"#content-7eaf17569febb67944c2\" href=\"#Content-7eaf17569febb67944c2\"\n                            data-ekit-toggle-trigger=\"click\"\n                            aria-describedby=\"Content-7eaf17569febb67944c2\">\n                            <span class=\" elementskit-tab-icon\"><\/span>                            <span class=\"elementskit-tab-title\"> Par train <\/span>\n                        <\/a>\n                    <\/li>\n                                        <li class=\"elementkit-nav-item elementor-repeater-item-deb5d18\">\n                        <a class=\"elementkit-nav-link  left-pos\" id=\"content-deb5d1869febb67944c2-tab\" data-ekit-handler-id=\"en-voiture-\" data-ekit-toggle=\"tab\" data-target=\"#content-deb5d1869febb67944c2\" href=\"#Content-deb5d1869febb67944c2\"\n                            data-ekit-toggle-trigger=\"click\"\n                            aria-describedby=\"Content-deb5d1869febb67944c2\">\n                            <span class=\" elementskit-tab-icon\"><\/span>                            <span class=\"elementskit-tab-title\"> En voiture <\/span>\n                        <\/a>\n                    <\/li>\n                                        <li class=\"elementkit-nav-item elementor-repeater-item-f38dab6\">\n                        <a class=\"elementkit-nav-link  left-pos\" id=\"content-f38dab669febb67944c2-tab\" data-ekit-handler-id=\"en-bus\" data-ekit-toggle=\"tab\" data-target=\"#content-f38dab669febb67944c2\" href=\"#Content-f38dab669febb67944c2\"\n                            data-ekit-toggle-trigger=\"click\"\n                            aria-describedby=\"Content-f38dab669febb67944c2\">\n                            <span class=\" elementskit-tab-icon\"><\/span>                            <span class=\"elementskit-tab-title\"> En bus<\/span>\n                        <\/a>\n                    <\/li>\n                                <\/ul>\n\n            <div class=\"tab-content elementkit-tab-content\">\n                                    <div class=\"tab-pane elementkit-tab-pane elementor-repeater-item-0cd0052  active show\" id=\"content-0cd005269febb67944c2\" role=\"tabpanel\"\n                         aria-labelledby=\"content-0cd005269febb67944c2-tab\">\n                        <div class=\"animated fadeIn\">\n                            <p>L\u2019a\u00e9roport de Nice C\u00f4te d\u2019Azur est un des plus grands a\u00e9roports fran\u00e7ais avec 12 millions de passagers par an et une centaine de destinations sans escales au d\u00e9part de Nice desservies par 57 compagnies r\u00e9guli\u00e8res dans 44 pays.<\/p><p>Retrouvez la liste des compagnies a\u00e9riennes et les destinations desservies au d\u00e9part de Nice\u00a0:<\/p><p><a href=\"https:\/\/www.nice.aeroport.fr\/Passagers\/VOLS-DESTINATIONS\/100-destinations-en-direct-de-Nice\">https:\/\/www.nice.aeroport.fr\/Passagers\/VOLS-DESTINATIONS\/100-destinations-en-direct-de-Nice<\/a><\/p><p>De l\u2019a\u00e9roport de Nice, plusieurs options s\u2019offrent \u00e0 vous pour rejoindre Cap d\u2019Ail\u00a0dont: des\u00a0<strong>taxis<\/strong>\u00a0qui assurent r\u00e9guli\u00e8rement les trajets avec Cap d\u2019Ail (tarif moyen 65 \u2013 85 \u20ac) par course pour Cap d\u2019Ail.<\/p><p>Le <strong>bus<\/strong> ZOU 80 permet de relier l\u2019a\u00e9roport de Nice \u00e0 Monaco (les <a href=\"https:\/\/storage.googleapis.com\/is-wp-22-prod\/uploads-prod\/2023\/01\/ZOU06_ligne80_ex_110_Nice_Aeroport_Monaco_Menton_janvier_2023.pdf\">horaires<\/a>) puis pour joindre l\u2019h\u00f4tel, marcher 15 min de l\u2019arr\u00eat de bus \u201cPlace d\u2019Armes\u201d.<\/p>                        <\/div>\n                    <\/div>\n                                    <div class=\"tab-pane elementkit-tab-pane elementor-repeater-item-7eaf175 \" id=\"content-7eaf17569febb67944c2\" role=\"tabpanel\"\n                         aria-labelledby=\"content-7eaf17569febb67944c2-tab\">\n                        <div class=\"animated fadeIn\">\n                            <p>La gare SNCF de Monaco est la plus proche de l\u2019h\u00f4tel, cependant il faudra prendre un taxi ou bus pour se rendre \u00e0 l\u2019h\u00f4tel.<\/p><p>Le <strong>bus<\/strong> disponible, qui passe toutes les 15 minutes est le suivant\u00a0: ligne 4 sortie de la gare \u201c<em>Pont<\/em> <em>Sainte-D\u00e9vote<\/em>\u201d, prendre le bus direction Fontvieille C. Cial et s\u2019arr\u00eater \u00e0 l\u2019arr\u00eat : Stade Louis II.<\/p><p>(Le plan des <a href=\"https:\/\/cam.mc\/en\/me-deplacer\">bus<\/a> \u00e0 Monaco)<\/p><p>Les lignes de\u00a0<strong>Train \u00e0 Grande Vitesse<\/strong>\u00a0desservent r\u00e9guli\u00e8rement la gare de Nice en provenance de grandes villes fran\u00e7aises telles que Paris ou Lyon\u00a0:\u00a0<a href=\"https:\/\/www.oui.sncf\/\">https:\/\/www.oui.sncf\/<\/a><\/p><p>Les\u00a0<strong>TER\u00a0<\/strong>circulent \u00e9galement tous les jours reliant Monaco \u00e0 Cannes\/Grasse d\u2019un c\u00f4t\u00e9 et \u00e9galement l\u2019Italie en allant jusqu\u2019\u00e0 Vintimille\u00a0: <a href=\"https:\/\/www.oui.sncf\/\">https:\/\/www.oui.sncf\/<\/a><\/p>                        <\/div>\n                    <\/div>\n                                    <div class=\"tab-pane elementkit-tab-pane elementor-repeater-item-deb5d18 \" id=\"content-deb5d1869febb67944c2\" role=\"tabpanel\"\n                         aria-labelledby=\"content-deb5d1869febb67944c2-tab\">\n                        <div class=\"animated fadeIn\">\n                            <p><strong>Depuis Nice, Cannes ou Saint Tropez<\/strong><\/p><ul><li>Autoroute A8\/E74\/E80, sortie 56\u00a0: Monaco \u2013 Cap d\u2019Ail \u2013 Beausoleil<br \/><br \/><\/li><\/ul><p><strong>Depuis Nice<\/strong><\/p><ul><li>Basse Corniche (N 98) le long du bord de mer (D6098)<\/li><li>Moyenne Corniche (N7) passant par Eze-Village (D6007)<\/li><li>Grande Corniche par le Col d\u2019Eze et La Turbie, \u00e0 512 m\u00e8tre d\u2019altitudes (D2564)<br \/><br \/><\/li><\/ul><p><strong>Depuis l\u2019Italie<\/strong><\/p><ul><li>Autoroute A8\/E74\/E80 en empruntant la sortie\u00a058\u00a0: Roquebrune \u2013 Monaco \u2013 La Turbie<\/li><li>La route du bord de mer depuis Menton<br \/><br \/><\/li><\/ul><p><strong>Parking de l\u2019h\u00f4tel:<\/strong><\/p><p>Les options de stationnement \u00e0 l&#8217;h\u00f4tel Riviera Marriott La Porte de Monaco sont les suivantes :<\/p><p>Parking sur place :<\/p><ul><li>Tarif horaire : 1,50 \u20ac<\/li><li>Tarif journalier : 25,00 \u20ac<\/li><li>Borne de recharge pour voitures \u00e9lectriques (stationnement sous r\u00e9serve de disponibilit\u00e9)<br \/><br \/><\/li><\/ul><p><strong>Parkings publics:<\/strong><\/p><p>Privil\u00e9giez le parking des <strong>Abeilles <\/strong>(<a href=\"https:\/\/www.parkopedia.fr\/parking\/carpark\/abeilles\/98000\/monaco\/?arriving=202506301530&amp;leaving=202506301730\">tarifs<\/a>), des <strong>Papalins <\/strong>(<a href=\"https:\/\/www.parkopedia.fr\/parking\/carpark\/parking_des_papalins\/98000\/monaco\/?arriving=202506301530&amp;leaving=202506301730\">tarifs<\/a>),\u00a0 ou de <strong>Saint Antoine<\/strong>\u00a0(<a href=\"https:\/\/www.parkopedia.fr\/parking\/carpark\/saint_antoine\/98000\/cap_dail\/?arriving=202506301530&amp;leaving=202506301730\">tarifs<\/a>) pour \u00eatre proche de l\u2019h\u00f4tel.<\/p><p>(le plan des <a href=\"https:\/\/maps.parkings.mc\/\">parkings<\/a> \u00e0 Monaco)<\/p>                        <\/div>\n                    <\/div>\n                                    <div class=\"tab-pane elementkit-tab-pane elementor-repeater-item-f38dab6 \" id=\"content-f38dab669febb67944c2\" role=\"tabpanel\"\n                         aria-labelledby=\"content-f38dab669febb67944c2-tab\">\n                        <div class=\"animated fadeIn\">\n                            <p>Le bus ZOU 600 permet de relier le port de Nice \u00e0 Menton, en passant par Monaco (les <a href=\"https:\/\/www.datocms-assets.com\/53518\/1743434066-zou06_ligne600_nice_monaco_menton_avril-2025.pdf\">horaires<\/a>).<\/p>                        <\/div>\n                    <\/div>\n                            <\/div>\n        <\/div>\n    <\/div>\t\t<\/div>\n\t\t\t\t<\/div>\n\t\t\t\t<div class=\"elementor-element elementor-element-101ca79 elementor-widget elementor-widget-elementskit-simple-tab\" data-id=\"101ca79\" data-element_type=\"widget\" data-settings=\"{&quot;ekit_we_effect_on&quot;:&quot;none&quot;}\" data-widget_type=\"elementskit-simple-tab.default\">\n\t\t\t\t<div class=\"elementor-widget-container\">\n\t\t\t<div class=\"ekit-wid-con\" >        <div class=\"elementkit-tab-wraper vertical  elementskit-fitcontent-tab \">\n            <ul class=\"nav nav-tabs elementkit-tab-nav \">\n                                    <li class=\"elementkit-nav-item elementor-repeater-item-0cd0052\">\n                        <a class=\"elementkit-nav-link  active show left-pos\" id=\"content-0cd005269febb6795e3e-tab\" data-ekit-handler-id=\"numeros-d-urgence\" data-ekit-toggle=\"tab\" data-target=\"#content-0cd005269febb6795e3e\" href=\"#Content-0cd005269febb6795e3e\"\n                            data-ekit-toggle-trigger=\"click\"\n                            aria-describedby=\"Content-0cd005269febb6795e3e\">\n                            <span class=\" elementskit-tab-icon\"><\/span>                            <span class=\"elementskit-tab-title\"> NUMEROS D\u2019URGENCE<\/span>\n                        <\/a>\n                    <\/li>\n                                        <li class=\"elementkit-nav-item elementor-repeater-item-7eaf175\">\n                        <a class=\"elementkit-nav-link  left-pos\" id=\"content-7eaf17569febb6795e3e-tab\" data-ekit-handler-id=\"h-pitaux\" data-ekit-toggle=\"tab\" data-target=\"#content-7eaf17569febb6795e3e\" href=\"#Content-7eaf17569febb6795e3e\"\n                            data-ekit-toggle-trigger=\"click\"\n                            aria-describedby=\"Content-7eaf17569febb6795e3e\">\n                            <span class=\" elementskit-tab-icon\"><\/span>                            <span class=\"elementskit-tab-title\"> H\u00f4pitaux<\/span>\n                        <\/a>\n                    <\/li>\n                                <\/ul>\n\n            <div class=\"tab-content elementkit-tab-content\">\n                                    <div class=\"tab-pane elementkit-tab-pane elementor-repeater-item-0cd0052  active show\" id=\"content-0cd005269febb6795e3e\" role=\"tabpanel\"\n                         aria-labelledby=\"content-0cd005269febb6795e3e-tab\">\n                        <div class=\"animated fadeIn\">\n                            <p><strong>Police<\/strong>\u00a017<br \/><strong>Pompiers<\/strong>\u00a018<br \/><strong>SAMU<\/strong>\u00a015<br \/><strong>Centre anti-poison<\/strong>\u00a0+33 (0)4 91 75 25 25<\/p>                        <\/div>\n                    <\/div>\n                                    <div class=\"tab-pane elementkit-tab-pane elementor-repeater-item-7eaf175 \" id=\"content-7eaf17569febb6795e3e\" role=\"tabpanel\"\n                         aria-labelledby=\"content-7eaf17569febb6795e3e-tab\">\n                        <div class=\"animated fadeIn\">\n                            <ul><li>Centre Hospitalier Princesse Grace<br \/>1 avenue Pasteur \u2013 98000 MONACO Standard : +377 97 98 99 00 \/ Urgences : +377 97 98 9769<\/li><\/ul><ul><li>IM2S (Institut Mon\u00e9gasque de M\u00e9decine du Sport)<br \/>11 Avenue d\u2019Ostende \u2013 98000 Monaco Standard : +377 99 99 10 00<\/li><\/ul><ul><li>Centre Cardio Thoracique de Monaco<br \/>11 bis Avenue d\u2019Ostende \u2013 98000 Monaco Standard : +377 92 16 80 00<\/li><\/ul>                        <\/div>\n                    <\/div>\n                            <\/div>\n        <\/div>\n    <\/div>\t\t<\/div>\n\t\t\t\t<\/div>\n\t\t\t\t\t<\/div>\n\t\t\t\t<\/div>\n\t\t\t\t<\/div>\n\t\t <script type=\"text\/javascript\"> if (typeof(f_tFlgVISA) === typeof(Function))  \tf_tFlgVISA(null);  if (typeof(f_tFlgAllergia) === typeof(Function))  \tf_tFlgAllergia(null);  if (typeof(f_IDTipologia) === typeof(Function)) {  \tvar eObjTYPE = document.getElementById(\"id_IDTipologia\");  \tf_IDTipologia(eObjTYPE);  }  if (typeof(f_IDAttivita) === typeof(Function)) {  \tvar etFlgActivity = document.getElementById(\"id_IDAttivita\");  \tf_IDAttivita(etFlgActivity);  }  if (typeof(f_IDNazionalita) === typeof(Function)) {  \tvar etFlgNazionalita = document.getElementById(\"id_IDNazionalita\");  \tf_IDNazionalita(etFlgNazionalita);  }  if (typeof(f_IndFattIDNazione) === typeof(Function))  \tf_IndFattIDNazione(null);  if (typeof(f_IDDomanda16063) === typeof(Function)) {  \tvar etFlgDomanda16063 = document.getElementById(\"id_IDDomanda16063\");  \tif (etFlgDomanda16063 != null) {  \t\tf_IDDomanda16063(etFlgDomanda16063);  \t}  }  if (typeof(f_IDDomanda16065) === typeof(Function)) {  \tvar etFlgDomanda16065 = document.getElementById(\"id_IDDomanda16065\");  \tif (etFlgDomanda16065 != null) {  \t\tf_IDDomanda16065(etFlgDomanda16065);  \t}  }  if (typeof(f_IDDomanda16067) === typeof(Function)) {  \tvar etFlgDomanda16067 = document.getElementById(\"id_IDDomanda16067\");  \tif (etFlgDomanda16067 != null) {  \t\tf_IDDomanda16067(etFlgDomanda16067);  \t}  }  if (typeof(f_IDDomanda16069) === typeof(Function)) {  \tvar etFlgDomanda16069 = document.getElementById(\"id_IDDomanda16069\");  \tif (etFlgDomanda16069 != null) {  \t\tf_IDDomanda16069(etFlgDomanda16069);  \t}  }  if (typeof(f_IDDomanda16073) === typeof(Function)) {  \tvar etFlgDomanda16073 = document.getElementById(\"id_IDDomanda16073\");  \tif (etFlgDomanda16073 != null) {  \t\tf_IDDomanda16073(etFlgDomanda16073);  \t}  }  if (typeof(f_IDDomanda16071) === typeof(Function)) {  \tvar etFlgDomanda16071 = document.getElementById(\"id_IDDomanda16071\");  \tif (etFlgDomanda16071 != null) {  \t\tf_IDDomanda16071(etFlgDomanda16071);  \t}  }  <\/script>","protected":false},"excerpt":{"rendered":"<p>Par avion Par train En voiture En bus L\u2019a\u00e9roport de Nice C\u00f4te d\u2019Azur est un des plus grands a\u00e9roports fran\u00e7ais avec 12 millions de passagers par an et une centaine de destinations sans escales au d\u00e9part de Nice desservies par 57 compagnies r\u00e9guli\u00e8res dans 44 pays. Retrouvez la liste des compagnies a\u00e9riennes et les destinations&#8230;<\/p>\n","protected":false},"author":2,"featured_media":0,"parent":0,"menu_order":0,"comment_status":"closed","ping_status":"closed","template":"","meta":{"iawp_total_views":403,"footnotes":""},"class_list":["post-878","page","type-page","status-publish","hentry"],"_links":{"self":[{"href":"https:\/\/oncologie-bio.org\/index.php?rest_route=\/wp\/v2\/pages\/878","targetHints":{"allow":["GET"]}}],"collection":[{"href":"https:\/\/oncologie-bio.org\/index.php?rest_route=\/wp\/v2\/pages"}],"about":[{"href":"https:\/\/oncologie-bio.org\/index.php?rest_route=\/wp\/v2\/types\/page"}],"author":[{"embeddable":true,"href":"https:\/\/oncologie-bio.org\/index.php?rest_route=\/wp\/v2\/users\/2"}],"replies":[{"embeddable":true,"href":"https:\/\/oncologie-bio.org\/index.php?rest_route=%2Fwp%2Fv2%2Fcomments&post=878"}],"version-history":[{"count":19,"href":"https:\/\/oncologie-bio.org\/index.php?rest_route=\/wp\/v2\/pages\/878\/revisions"}],"predecessor-version":[{"id":1568,"href":"https:\/\/oncologie-bio.org\/index.php?rest_route=\/wp\/v2\/pages\/878\/revisions\/1568"}],"wp:attachment":[{"href":"https:\/\/oncologie-bio.org\/index.php?rest_route=%2Fwp%2Fv2%2Fmedia&parent=878"}],"curies":[{"name":"wp","href":"https:\/\/api.w.org\/{rel}","templated":true}]}}