{"id":871,"date":"2025-03-19T15:42:14","date_gmt":"2025-03-19T15:42:14","guid":{"rendered":"https:\/\/cours-ipa.org\/?page_id=871"},"modified":"2025-10-30T12:22:54","modified_gmt":"2025-10-30T12:22:54","slug":"evenements-associes","status":"publish","type":"page","link":"https:\/\/oncologie-bio.org\/?page_id=871","title":{"rendered":"Evenements associ\u00e9s"},"content":{"rendered":"\t\t<div data-elementor-type=\"wp-page\" data-elementor-id=\"871\" class=\"elementor elementor-871\" data-elementor-post-type=\"page\">\n\t\t\t\t<div class=\"elementor-element elementor-element-9222556 e-flex e-con-boxed e-con e-parent\" data-id=\"9222556\" data-element_type=\"container\" data-settings=\"{&quot;background_background&quot;:&quot;gradient&quot;,&quot;shape_divider_top&quot;:&quot;book&quot;,&quot;shape_divider_top_negative&quot;:&quot;yes&quot;,&quot;shape_divider_bottom&quot;:&quot;book&quot;,&quot;shape_divider_bottom_negative&quot;:&quot;yes&quot;,&quot;ekit_has_onepagescroll_dot&quot;:&quot;yes&quot;}\">\n\t\t\t\t\t<div class=\"e-con-inner\">\n\t\t\t\t<div class=\"elementor-shape elementor-shape-top\" data-negative=\"true\">\n\t\t\t<svg xmlns=\"http:\/\/www.w3.org\/2000\/svg\" viewBox=\"0 0 1000 100\" preserveAspectRatio=\"none\">\n\t<path class=\"elementor-shape-fill\" d=\"M806,94.7C619.5,90,500,20.3,500,1.7c-1,18.6-117.5,88.3-306,93C92,97.2,0,97.9,0,97.9v-0l0,0v2.3h1000v-2.3 C1000,97.7,920.3,97.6,806,94.7z M350,65.1L350,65.1L350,65.1L350,65.1z\"\/>\n<\/svg>\n\t\t<\/div>\n\t\t\t\t<div class=\"elementor-shape elementor-shape-bottom\" data-negative=\"true\">\n\t\t\t<svg xmlns=\"http:\/\/www.w3.org\/2000\/svg\" viewBox=\"0 0 1000 100\" preserveAspectRatio=\"none\">\n\t<path class=\"elementor-shape-fill\" d=\"M806,94.7C619.5,90,500,20.3,500,1.7c-1,18.6-117.5,88.3-306,93C92,97.2,0,97.9,0,97.9v-0l0,0v2.3h1000v-2.3 C1000,97.7,920.3,97.6,806,94.7z M350,65.1L350,65.1L350,65.1L350,65.1z\"\/>\n<\/svg>\n\t\t<\/div>\n\t\t<div class=\"elementor-element elementor-element-43e4906 e-flex e-con-boxed elementor-invisible e-con e-child\" data-id=\"43e4906\" data-element_type=\"container\" data-settings=\"{&quot;sticky&quot;:&quot;top&quot;,&quot;sticky_offset&quot;:90,&quot;sticky_parent&quot;:&quot;yes&quot;,&quot;animation&quot;:&quot;fadeInUp&quot;,&quot;sticky_on&quot;:[&quot;desktop&quot;,&quot;tablet&quot;],&quot;ekit_has_onepagescroll_dot&quot;:&quot;yes&quot;,&quot;sticky_effects_offset&quot;:0}\">\n\t\t\t\t\t<div class=\"e-con-inner\">\n\t\t\t\t<div class=\"elementor-element elementor-element-7e5df19 elementor-hidden-mobile elementor-widget elementor-widget-heading\" data-id=\"7e5df19\" data-element_type=\"widget\" data-settings=\"{&quot;motion_fx_motion_fx_scrolling&quot;:&quot;yes&quot;,&quot;ekit_we_effect_on&quot;:&quot;none&quot;,&quot;motion_fx_devices&quot;:[&quot;desktop&quot;,&quot;tablet&quot;,&quot;mobile&quot;]}\" data-widget_type=\"heading.default\">\n\t\t\t\t<div class=\"elementor-widget-container\">\n\t\t\t<style>\/*! elementor - v3.21.0 - 26-05-2024 *\/\n.elementor-heading-title{padding:0;margin:0;line-height:1}.elementor-widget-heading .elementor-heading-title[class*=elementor-size-]>a{color:inherit;font-size:inherit;line-height:inherit}.elementor-widget-heading .elementor-heading-title.elementor-size-small{font-size:15px}.elementor-widget-heading .elementor-heading-title.elementor-size-medium{font-size:19px}.elementor-widget-heading .elementor-heading-title.elementor-size-large{font-size:29px}.elementor-widget-heading .elementor-heading-title.elementor-size-xl{font-size:39px}.elementor-widget-heading .elementor-heading-title.elementor-size-xxl{font-size:59px}<\/style><h1 class=\"elementor-heading-title elementor-size-default\">Evenements<\/h1>\t\t<\/div>\n\t\t\t\t<\/div>\n\t\t\t\t<div class=\"elementor-element elementor-element-00d4f38 elementor-headline--style-highlight elementor-widget elementor-widget-animated-headline\" data-id=\"00d4f38\" data-element_type=\"widget\" data-settings=\"{&quot;marker&quot;:&quot;curly&quot;,&quot;highlighted_text&quot;:&quot;Evenements&quot;,&quot;headline_style&quot;:&quot;highlight&quot;,&quot;highlight_animation_duration&quot;:1200,&quot;ekit_we_effect_on&quot;:&quot;none&quot;}\" data-widget_type=\"animated-headline.default\">\n\t\t\t\t<div class=\"elementor-widget-container\">\n\t\t\t<link rel=\"stylesheet\" href=\"https:\/\/oncologie-bio.org\/wp-content\/plugins\/elementor-pro\/assets\/css\/widget-animated-headline.min.css\">\t\t<h2 class=\"elementor-headline\">\n\t\t\t\t<span class=\"elementor-headline-dynamic-wrapper elementor-headline-text-wrapper\">\n\t\t\t\t\t<span class=\"elementor-headline-dynamic-text elementor-headline-text-active\">Evenements<\/span>\n\t\t\t\t<\/span>\n\t\t\t\t\t<span class=\"elementor-headline-plain-text elementor-headline-text-wrapper\"> Associ\u00e9s<\/span>\n\t\t\t\t\t<\/h2>\n\t\t\t\t<\/div>\n\t\t\t\t<\/div>\n\t\t\t\t\t<\/div>\n\t\t\t\t<\/div>\n\t\t<div class=\"elementor-element elementor-element-b33ed3a e-flex e-con-boxed elementor-invisible e-con e-child\" data-id=\"b33ed3a\" data-element_type=\"container\" data-settings=\"{&quot;animation&quot;:&quot;fadeInUp&quot;,&quot;ekit_has_onepagescroll_dot&quot;:&quot;yes&quot;}\">\n\t\t\t\t\t<div class=\"e-con-inner\">\n\t\t\t\t<div class=\"elementor-element elementor-element-aeed02f ekit-equal-height-disable elementor-widget elementor-widget-elementskit-icon-box\" data-id=\"aeed02f\" data-element_type=\"widget\" data-settings=\"{&quot;ekit_we_effect_on&quot;:&quot;none&quot;}\" data-widget_type=\"elementskit-icon-box.default\">\n\t\t\t\t<div class=\"elementor-widget-container\">\n\t\t\t<div class=\"ekit-wid-con\" >        <!-- link opening -->\n                <a href=\"https:\/\/www.biennalecancerologie.org\/\" class=\"ekit_global_links\">\n                <!-- end link opening -->\n\n        <div class=\"elementskit-infobox text-left text-left icon-lef-right-aligin elementor-animation- media  \">\n                            <div class=\"elementskit-box-header\">\n                <div class=\"elementskit-info-box-icon text-center\">\n                    <img decoding=\"async\" src=\"\" title=\"\" alt=\"\" \/>                <\/div>\n          <\/div>\n                <div class=\"box-body\">\n                            <h3 class=\"elementskit-info-box-title\">\n                    INSPIRE \u00e0 pleins poumons                 <\/h3>\n                        \t\t  <p>9 \u2013 10 novembre 2025, Paris 18e<\/p>\n                                <\/div>\n        \n        \n                <\/div>\n                <\/a>\n        <\/div>\t\t<\/div>\n\t\t\t\t<\/div>\n\t\t\t\t<div class=\"elementor-element elementor-element-de23055 ekit-equal-height-disable elementor-widget elementor-widget-elementskit-icon-box\" data-id=\"de23055\" data-element_type=\"widget\" data-settings=\"{&quot;ekit_we_effect_on&quot;:&quot;none&quot;}\" data-widget_type=\"elementskit-icon-box.default\">\n\t\t\t\t<div class=\"elementor-widget-container\">\n\t\t\t<div class=\"ekit-wid-con\" >        <!-- link opening -->\n                <a href=\"https:\/\/www.biennalecancerologie.org\/\" class=\"ekit_global_links\">\n                <!-- end link opening -->\n\n        <div class=\"elementskit-infobox text-left text-left icon-lef-right-aligin elementor-animation- media  \">\n                            <div class=\"elementskit-box-header\">\n                <div class=\"elementskit-info-box-icon text-center\">\n                    <img fetchpriority=\"high\" decoding=\"async\" width=\"450\" height=\"250\" src=\"https:\/\/oncologie-bio.org\/wp-content\/uploads\/2025\/10\/Societe-Francaise-de-Senologie-et-de-Pathologie-Mammaire.jpg\" class=\"attachment- size-\" alt=\"\" srcset=\"https:\/\/oncologie-bio.org\/wp-content\/uploads\/2025\/10\/Societe-Francaise-de-Senologie-et-de-Pathologie-Mammaire.jpg 450w, https:\/\/oncologie-bio.org\/wp-content\/uploads\/2025\/10\/Societe-Francaise-de-Senologie-et-de-Pathologie-Mammaire-300x167.jpg 300w\" sizes=\"(max-width: 450px) 100vw, 450px\" \/>                <\/div>\n          <\/div>\n                <div class=\"box-body\">\n                            <h3 class=\"elementskit-info-box-title\">\n                    46\u00e8me journ\u00e9e de la Soci\u00e9t\u00e9 Fran\u00e7aise de S\u00e9nologie et de Pathologie Mammaire                <\/h3>\n                        \t\t  <p>19 \u2013 21 novembre 2025, Palais des congr\u00e8s de Bordeaux<\/p>\n                                <\/div>\n        \n        \n                <\/div>\n                <\/a>\n        <\/div>\t\t<\/div>\n\t\t\t\t<\/div>\n\t\t\t\t<div class=\"elementor-element elementor-element-60b2a85 ekit-equal-height-disable elementor-widget elementor-widget-elementskit-icon-box\" data-id=\"60b2a85\" data-element_type=\"widget\" data-settings=\"{&quot;ekit_we_effect_on&quot;:&quot;none&quot;}\" data-widget_type=\"elementskit-icon-box.default\">\n\t\t\t\t<div class=\"elementor-widget-container\">\n\t\t\t<div class=\"ekit-wid-con\" >        <!-- link opening -->\n                <a href=\"https:\/\/www.biennalecancerologie.org\/\" class=\"ekit_global_links\">\n                <!-- end link opening -->\n\n        <div class=\"elementskit-infobox text-left text-left icon-lef-right-aligin elementor-animation- media  \">\n                            <div class=\"elementskit-box-header\">\n                <div class=\"elementskit-info-box-icon text-center\">\n                    <img decoding=\"async\" width=\"600\" height=\"200\" src=\"https:\/\/oncologie-bio.org\/wp-content\/uploads\/2025\/09\/600x200-1.jpg\" class=\"attachment- size-\" alt=\"\" srcset=\"https:\/\/oncologie-bio.org\/wp-content\/uploads\/2025\/09\/600x200-1.jpg 600w, https:\/\/oncologie-bio.org\/wp-content\/uploads\/2025\/09\/600x200-1-300x100.jpg 300w\" sizes=\"(max-width: 600px) 100vw, 600px\" \/>                <\/div>\n          <\/div>\n                <div class=\"box-body\">\n                            <h3 class=\"elementskit-info-box-title\">\n                    21\u00e8me Journ\u00e9es Nationales de la Soci\u00e9t\u00e9 Francophone d\u2019Onco-G\u00e9riatrie (SOFOG)                <\/h3>\n                        \t\t  <p>15-16-17 d\u00e9cembre 2025, Chantilly<\/p>\n                                <\/div>\n        \n        \n                <\/div>\n                <\/a>\n        <\/div>\t\t<\/div>\n\t\t\t\t<\/div>\n\t\t\t\t<div class=\"elementor-element elementor-element-b76c150 ekit-equal-height-disable elementor-widget elementor-widget-elementskit-icon-box\" data-id=\"b76c150\" data-element_type=\"widget\" data-settings=\"{&quot;ekit_we_effect_on&quot;:&quot;none&quot;}\" data-widget_type=\"elementskit-icon-box.default\">\n\t\t\t\t<div class=\"elementor-widget-container\">\n\t\t\t<div class=\"ekit-wid-con\" >        <!-- link opening -->\n                <a href=\"https:\/\/www.biennalecancerologie.org\/\" class=\"ekit_global_links\">\n                <!-- end link opening -->\n\n        <div class=\"elementskit-infobox text-left text-left icon-lef-right-aligin elementor-animation- media  \">\n                            <div class=\"elementskit-box-header\">\n                <div class=\"elementskit-info-box-icon text-center\">\n                    <img decoding=\"async\" width=\"2560\" height=\"1442\" src=\"https:\/\/oncologie-bio.org\/wp-content\/uploads\/2025\/06\/bmc26-banner-scaled.jpg\" class=\"attachment- size-\" alt=\"\" srcset=\"https:\/\/oncologie-bio.org\/wp-content\/uploads\/2025\/06\/bmc26-banner-scaled.jpg 2560w, https:\/\/oncologie-bio.org\/wp-content\/uploads\/2025\/06\/bmc26-banner-300x169.jpg 300w, https:\/\/oncologie-bio.org\/wp-content\/uploads\/2025\/06\/bmc26-banner-1024x577.jpg 1024w, https:\/\/oncologie-bio.org\/wp-content\/uploads\/2025\/06\/bmc26-banner-768x433.jpg 768w, https:\/\/oncologie-bio.org\/wp-content\/uploads\/2025\/06\/bmc26-banner-1536x865.jpg 1536w, https:\/\/oncologie-bio.org\/wp-content\/uploads\/2025\/06\/bmc26-banner-2048x1154.jpg 2048w\" sizes=\"(max-width: 2560px) 100vw, 2560px\" \/>                <\/div>\n          <\/div>\n                <div class=\"box-body\">\n                            <h3 class=\"elementskit-info-box-title\">\n                    17\u00e8me Biennale Mon\u00e9gasque de Canc\u00e9rologie                 <\/h3>\n                        \t\t  <p>27-30 janvier 2026, Grimaldi Forum<\/p>\n                                <\/div>\n        \n        \n                <\/div>\n                <\/a>\n        <\/div>\t\t<\/div>\n\t\t\t\t<\/div>\n\t\t\t\t<div class=\"elementor-element elementor-element-c447bfd ekit-equal-height-disable elementor-widget elementor-widget-elementskit-icon-box\" data-id=\"c447bfd\" data-element_type=\"widget\" data-settings=\"{&quot;ekit_we_effect_on&quot;:&quot;none&quot;}\" data-widget_type=\"elementskit-icon-box.default\">\n\t\t\t\t<div class=\"elementor-widget-container\">\n\t\t\t<div class=\"ekit-wid-con\" >        <!-- link opening -->\n                <a href=\"https:\/\/afic-association.org\/rio\/\" class=\"ekit_global_links\">\n                <!-- end link opening -->\n\n        <div class=\"elementskit-infobox text-left text-left icon-lef-right-aligin elementor-animation- media  \">\n                            <div class=\"elementskit-box-header\">\n                <div class=\"elementskit-info-box-icon text-center\">\n                    <img loading=\"lazy\" decoding=\"async\" width=\"536\" height=\"759\" src=\"https:\/\/oncologie-bio.org\/wp-content\/uploads\/2025\/10\/RIO_2026_Save_the_date.png\" class=\"attachment- size-\" alt=\"\" srcset=\"https:\/\/oncologie-bio.org\/wp-content\/uploads\/2025\/10\/RIO_2026_Save_the_date.png 536w, https:\/\/oncologie-bio.org\/wp-content\/uploads\/2025\/10\/RIO_2026_Save_the_date-212x300.png 212w\" sizes=\"(max-width: 536px) 100vw, 536px\" \/>                <\/div>\n          <\/div>\n                <div class=\"box-body\">\n                            <h3 class=\"elementskit-info-box-title\">\n                    Rencontres Infirmi\u00e8res en Oncologie (RIO) 29\u00e8me \u00e9dition                 <\/h3>\n                        \t\t  <p>28 mars 2026, Maison de la Chimie, Paris <\/p>\n                                <\/div>\n        \n        \n                <\/div>\n                <\/a>\n        <\/div>\t\t<\/div>\n\t\t\t\t<\/div>\n\t\t\t\t<div class=\"elementor-element elementor-element-5563ac5 elementor-widget elementor-widget-spacer\" data-id=\"5563ac5\" data-element_type=\"widget\" data-settings=\"{&quot;ekit_we_effect_on&quot;:&quot;none&quot;}\" data-widget_type=\"spacer.default\">\n\t\t\t\t<div class=\"elementor-widget-container\">\n\t\t\t<style>\/*! elementor - v3.21.0 - 26-05-2024 *\/\n.elementor-column .elementor-spacer-inner{height:var(--spacer-size)}.e-con{--container-widget-width:100%}.e-con-inner>.elementor-widget-spacer,.e-con>.elementor-widget-spacer{width:var(--container-widget-width,var(--spacer-size));--align-self:var(--container-widget-align-self,initial);--flex-shrink:0}.e-con-inner>.elementor-widget-spacer>.elementor-widget-container,.e-con>.elementor-widget-spacer>.elementor-widget-container{height:100%;width:100%}.e-con-inner>.elementor-widget-spacer>.elementor-widget-container>.elementor-spacer,.e-con>.elementor-widget-spacer>.elementor-widget-container>.elementor-spacer{height:100%}.e-con-inner>.elementor-widget-spacer>.elementor-widget-container>.elementor-spacer>.elementor-spacer-inner,.e-con>.elementor-widget-spacer>.elementor-widget-container>.elementor-spacer>.elementor-spacer-inner{height:var(--container-widget-height,var(--spacer-size))}.e-con-inner>.elementor-widget-spacer.elementor-widget-empty,.e-con>.elementor-widget-spacer.elementor-widget-empty{position:relative;min-height:22px;min-width:22px}.e-con-inner>.elementor-widget-spacer.elementor-widget-empty .elementor-widget-empty-icon,.e-con>.elementor-widget-spacer.elementor-widget-empty .elementor-widget-empty-icon{position:absolute;top:0;bottom:0;left:0;right:0;margin:auto;padding:0;width:22px;height:22px}<\/style>\t\t<div class=\"elementor-spacer\">\n\t\t\t<div class=\"elementor-spacer-inner\"><\/div>\n\t\t<\/div>\n\t\t\t\t<\/div>\n\t\t\t\t<\/div>\n\t\t\t\t\t<\/div>\n\t\t\t\t<\/div>\n\t\t\t\t\t<\/div>\n\t\t\t\t<\/div>\n\t\t\t\t<\/div>\n\t\t <script type=\"text\/javascript\"> if (typeof(f_tFlgVISA) === typeof(Function))  \tf_tFlgVISA(null);  if (typeof(f_tFlgAllergia) === typeof(Function))  \tf_tFlgAllergia(null);  if (typeof(f_IDTipologia) === typeof(Function)) {  \tvar eObjTYPE = document.getElementById(\"id_IDTipologia\");  \tf_IDTipologia(eObjTYPE);  }  if (typeof(f_IDAttivita) === typeof(Function)) {  \tvar etFlgActivity = document.getElementById(\"id_IDAttivita\");  \tf_IDAttivita(etFlgActivity);  }  if (typeof(f_IDNazionalita) === typeof(Function)) {  \tvar etFlgNazionalita = document.getElementById(\"id_IDNazionalita\");  \tf_IDNazionalita(etFlgNazionalita);  }  if (typeof(f_IndFattIDNazione) === typeof(Function))  \tf_IndFattIDNazione(null);  if (typeof(f_IDDomanda16063) === typeof(Function)) {  \tvar etFlgDomanda16063 = document.getElementById(\"id_IDDomanda16063\");  \tif (etFlgDomanda16063 != null) {  \t\tf_IDDomanda16063(etFlgDomanda16063);  \t}  }  if (typeof(f_IDDomanda16065) === typeof(Function)) {  \tvar etFlgDomanda16065 = document.getElementById(\"id_IDDomanda16065\");  \tif (etFlgDomanda16065 != null) {  \t\tf_IDDomanda16065(etFlgDomanda16065);  \t}  }  if (typeof(f_IDDomanda16067) === typeof(Function)) {  \tvar etFlgDomanda16067 = document.getElementById(\"id_IDDomanda16067\");  \tif (etFlgDomanda16067 != null) {  \t\tf_IDDomanda16067(etFlgDomanda16067);  \t}  }  if (typeof(f_IDDomanda16069) === typeof(Function)) {  \tvar etFlgDomanda16069 = document.getElementById(\"id_IDDomanda16069\");  \tif (etFlgDomanda16069 != null) {  \t\tf_IDDomanda16069(etFlgDomanda16069);  \t}  }  if (typeof(f_IDDomanda16073) === typeof(Function)) {  \tvar etFlgDomanda16073 = document.getElementById(\"id_IDDomanda16073\");  \tif (etFlgDomanda16073 != null) {  \t\tf_IDDomanda16073(etFlgDomanda16073);  \t}  }  if (typeof(f_IDDomanda16071) === typeof(Function)) {  \tvar etFlgDomanda16071 = document.getElementById(\"id_IDDomanda16071\");  \tif (etFlgDomanda16071 != null) {  \t\tf_IDDomanda16071(etFlgDomanda16071);  \t}  }  <\/script>","protected":false},"excerpt":{"rendered":"<p>Evenements Evenements Associ\u00e9s INSPIRE \u00e0 pleins poumons 9 \u2013 10 novembre 2025, Paris 18e 46\u00e8me journ\u00e9e de la Soci\u00e9t\u00e9 Fran\u00e7aise de S\u00e9nologie et de Pathologie Mammaire 19 \u2013 21 novembre 2025, Palais des congr\u00e8s de Bordeaux 21\u00e8me Journ\u00e9es Nationales de la Soci\u00e9t\u00e9 Francophone d\u2019Onco-G\u00e9riatrie (SOFOG) 15-16-17 d\u00e9cembre 2025, Chantilly 17\u00e8me Biennale Mon\u00e9gasque de Canc\u00e9rologie 27-30&#8230;<\/p>\n","protected":false},"author":2,"featured_media":0,"parent":0,"menu_order":0,"comment_status":"closed","ping_status":"closed","template":"","meta":{"iawp_total_views":126,"footnotes":""},"class_list":["post-871","page","type-page","status-publish","hentry"],"_links":{"self":[{"href":"https:\/\/oncologie-bio.org\/index.php?rest_route=\/wp\/v2\/pages\/871","targetHints":{"allow":["GET"]}}],"collection":[{"href":"https:\/\/oncologie-bio.org\/index.php?rest_route=\/wp\/v2\/pages"}],"about":[{"href":"https:\/\/oncologie-bio.org\/index.php?rest_route=\/wp\/v2\/types\/page"}],"author":[{"embeddable":true,"href":"https:\/\/oncologie-bio.org\/index.php?rest_route=\/wp\/v2\/users\/2"}],"replies":[{"embeddable":true,"href":"https:\/\/oncologie-bio.org\/index.php?rest_route=%2Fwp%2Fv2%2Fcomments&post=871"}],"version-history":[{"count":25,"href":"https:\/\/oncologie-bio.org\/index.php?rest_route=\/wp\/v2\/pages\/871\/revisions"}],"predecessor-version":[{"id":1604,"href":"https:\/\/oncologie-bio.org\/index.php?rest_route=\/wp\/v2\/pages\/871\/revisions\/1604"}],"wp:attachment":[{"href":"https:\/\/oncologie-bio.org\/index.php?rest_route=%2Fwp%2Fv2%2Fmedia&parent=871"}],"curies":[{"name":"wp","href":"https:\/\/api.w.org\/{rel}","templated":true}]}}